base 6, what is 212253553 - 2?
212253551
In base 4, what is -1030231313 - 12?
-1030231331
In base 4, what is -1333133 + 233200?
-1033333
In base 2, what is -10000100111011100111110 + 0?
-10000100111011100111110
In base 6, what is -21311352 - 0?
-21311352
In base 2, what is -10111 - 1010001010000100100110001?
-1010001010000100101001000
In base 7, what is -2 + -346534650?
-346534652
In base 9, what is -4 - 215620?
-215624
In base 8, what is -4 - 12517361?
-12517365
In base 2, what is -100 + -1001011011101001111111010?
-1001011011101001111111110
In base 14, what is -7 + 1815c4?
1815bb
In base 4, what is 131001 + -13132100?
-13001033
In base 5, what is 2432 + -4243300?
-4240313
In base 4, what is -1111032230 + -32200?
-1111131030
In base 10, what is -4416 + 1902?
-2514
In base 11, what is 2571865 - -1a?
2571884
In base 12, what is 1bb1ba08 + 4?
1bb1ba10
In base 13, what is -135 + 1ac60?
1ab28
In base 11, what is -3 - -7022777?
7022774
In base 12, what is -5728a3 + -77?
-57295a
In base 15, what is 3e5ad + 493?
3ea51
In base 8, what is -60 + 624615?
624535
In base 6, what is -53132101315 + -1?
-53132101320
In base 2, what is 110010110010 - -100110111111?
1011001110001
In base 13, what is -32457 - -7?
-32450
In base 2, what is 101010011110110011 - 11010111?
101010011011011100
In base 12, what is 9834a + -330?
9801a
In base 7, what is 142332034 + 10?
142332044
In base 14, what is 0 - -119a741?
119a741
In base 3, what is -122121201222211 - 110?
-122121202000021
In base 10, what is -1 - -22354936?
22354935
In base 16, what is -9bc3ff + 9?
-9bc3f6
In base 11, what is 3 + 59289aa?
5928a02
In base 12, what is 6959374 - -3?
6959377
In base 12, what is 1 + 5b1558a?
5b1558b
In base 12, what is 247a961 + -11?
247a950
In base 14, what is 4 - -219681b?
2196821
In base 10, what is 3275 - 16518?
-13243
In base 16, what is 6e150 + 73?
6e1c3
In base 13, what is 5 + -12523513?
-1252350b
In base 5, what is -11 + -102022342?
-102022403
In base 9, what is -341113470 + -4?
-341113474
In base 3, what is -10022000 - 102022112?
-112121112
In base 5, what is -10044 - 144202?
-204301
In base 13, what is 5abc14 + -16?
5abbcb
In base 9, what is -6 + 32782310?
32782303
In base 11, what is -197 + 246a496?
246a2aa
In base 3, what is 2202001101202022 + 1?
2202001101202100
In base 2, what is 1 - 10011110010001001010?
-10011110010001001001
In base 7, what is 11 - -26062003?
26062014
In base 6, what is -44 - -413110355?
413110311
In base 13, what is -1 + -595035?
-595036
In base 13, what is -379b7104 - -3?
-379b7101
In base 8, what is -540276516 + 0?
-540276516
In base 14, what is -168 + -b62a?
-b794
In base 5, what is 110331 - -4?
110340
In base 7, what is 122665 + -515?
122150
In base 7, what is -151 - -52045625?
52045444
In base 15, what is -75 + 7061?
6edb
In base 11, what is 52901571 + -3?
52901569
In base 5, what is -42001410 + 32?
-42001323
In base 8, what is -264 + -4531473?
-4531757
In base 13, what is 3031a + -585?
2ca65
In base 8, what is 102223062 - -1?
102223063
In base 9, what is 214 - 256372?
-256157
In base 12, what is -374a7b - -11?
-374a6a
In base 14, what is b41 + -4648?
-3907
In base 7, what is 453666 + 3505?
460504
In base 12, what is -78b59267 - -4?
-78b59263
In base 2, what is -100000100011101 + -1011101100?
-100010000001001
In base 5, what is 3023 + 200432?
204010
In base 16, what is 228a7 - -60?
22907
In base 14, what is -b31a + -2ba?
-b5d6
In base 8, what is -5513407 - 23?
-5513432
In base 16, what is 5e2 + -eda?
-8f8
In base 15, what is -5 - 2164ec4?
-2164ec9
In base 4, what is -120202 - 1000233032?
-1001013300
In base 13, what is -3245 + -37?
-327c
In base 11, what is -5 + 276610a?
2766105
In base 5, what is 142141 - -4334?
202030
In base 8, what is -741353 - -56?
-741275
In base 8, what is 22367 + 1775?
24364
In base 7, what is -5031655135 - 1?
-5031655136
In base 8, what is 1641 + 23016?
24657
In base 3, what is -2201111210 + -222102?
-2202111012
In base 6, what is 104120 + -231?
103445
In base 9, what is 1741842 - -3?
1741845
In base 15, what is 4 + 50a585?
50a589
In base 14, what is 1999d5 + -41?
199994
In base 14, what is -61904 + -54?
-61958
In base 9, what is 621268 - -107?
621376
In base 4, what is -2002 - 320222230?
-320230232
In base 10, what is 183314 - -430?
183744
In base 9, what is 103738 + -64?
103664
In base 13, what is -1 + 51a0511a?
51a05119
In base 8, what is -3 + 1627641?
1627636
In base 2, what is -1111110011000000110110100 - 11?
-1111110011000000110110111
In base 7, what is 4 + 2442164?
2442201
In base 11, what is 1121 + -32132?
-31011
In base 3, what is 12100112010012 + -120?
12100112002122
In base 15, what is 1413cd6 + 0?
1413cd6
In base 15, what is -19 - -e127e?
e1265
In base 7, what is -222353064 - 10?
-222353104
In base 3, what is 2110122210112 - 22?
2110122210020
In base 10, what is 661984 + 2?
661986
In base 3, what is -21021 + 101022220?
101001122
In base 11, what is -8 + 1558357?
155834a
In base 9, what is -15845 - -25302?
8346
In base 5, what is 10 + 13212234421?
13212234431
In base 16, what is 33cc2 - 7a?
33c48
In base 16, what is -6 - -143d9c0?
143d9ba
In base 5, what is 100 + -14421103?
-14421003
In base 2, what is -100000011111100 - 100100010?
-100001000011110
In base 5, what is 1002141 + -13402?
433234
In base 4, what is -302 - 1023320012302?
-1023320013210
In base 5, what is 2102231031134 - 10?
2102231031124
In base 3, what is -1 - 10110101001012002?
-10110101001012010
In base 11, what is 1a8212 - -28?
1a823a
In base 16, what is -fda88 + 30?
-fda58
In base 12, what is 1466 - -2426?
3890
In base 16, what is 36bc6e7 - 1?
36bc6e6
In base 3, what is -110120101000010210 + 2?
-110120101000010201
In base 5, what is 41223 - 113010?
-21232
In base 8, what is -112062707 + -5?
-112062714
In base 2, what is -11111100000111010011001 + 11?
-11111100000111010010110
In base 10, what is -2 + 2361369?
2361367
In base 12, what is -953157 + 6a?
-9530a9
In base 5, what is -403421414301 + -4?
-403421414310
In base 9, what is 3878 + -71543?
-66554
In base 3, what is -2021200122 + 10220?
-2021112202
In base 16, what is 906c05 + -17?
906bee
In base 10, what is -914 + 7893?
6979
In base 5, what is -211021021 - -341?
-211020130
In base 10, what is -1140189 + -38?
-1140227
In base 14, what is -3 + ab99a4?
ab99a1
In base 10, what is 7858289 - -2?
7858291
In base 5, what is 102344401 - 1233?
102343113
In base 13, what is 248a37 - -3?
248a3a
In base 15, what is -2b2d2c + -7?
-2b2d34
In base 2, what is 1011010 - 11001110000101011001?
-11001110000011111111
In base 16, what is 6550ab - -17?
6550c2
In base 10, what is 163569 + -230?
163339
In base 12, what is -125 - 25271?
-25396
In base 9, what is 35628 + -252?
35366
In base 12, what is 371aa5 - -4?
371aa9
In base 9, what is -370362 - -183?
-370168
In base 11, what is -19 + 1078a2?
107884
In base 6, what is -10 + 4425515235?
4425515225
In base 9, what is 72 + 36444?
36526
In base 11, what is -406a5a - 2?
-406a61
In base 10, what is 285665 + 3?
285668
In base 13, what is -11950ab - -4?
-11950a7
In base 13, what is -a518a1 - 2?
-a518a3
In base 10, what is 49085947 + 0?
49085947
In base 13, what is -136a406 + -7?
-136a410
In base 13, what is 0 - -329ca03?
329ca03
In base 12, what is -13 + 60b54?
60b41
In base 13, what is 2166b + -5091?
195aa
In base 7, what is -1 + -4121315422?
-4121315423
In base 14, what is -46739c + 22?
-46737a
In base 7, what is 430 + 551211?
551641
In base 11, what is -512a70580 + -1?
-512a70581
In base 13, what is -22cb040 + -2?
-22cb042
In base 12, what is 8587 - 27a?
8309
In base 3, what is 10 + 10011110121101?
10011110121111
In base 10, what is -6578 + -563?
-7141
In base 12, what is 3 + -160a29b?
-160a298
In base 2, what is -110011100110111 + -101001000?
-110100001111111
In base 16, what is 91b6 + -b8?
90fe
In base 11, what is -a9 - 4702aa?
-4703a8
In base 12, what is -34 - 67467?
-6749b
In base 15, what is 10 - -33c21?
33c31
In base 12, what is 328 + -60174?
-5ba48
In base 7, what is -26136 + 3140?
-22666
In base 16, what is 1 - -2d39b4a?
2d39b4b
In base 8, what is -461 - -155215?
154534
In base 8, what is 20511055 - 1?
20511054
In base 16, what is -5957 + -11a5?
-6afc
In base 14, what is 1d83 + 2da?
227d
In base 14, what is -22ad33 - -6?
-22ad2b
In base 14, what is 1 + -24